are the prime factors of 226109281?
226109281
List the prime factors of 2150348430.
2, 3, 5, 23, 3116447
List the prime factors of 223331730.
2, 3, 5, 199, 37409
What are the prime factors of 239318199?
3, 317, 27961
List the prime factors of 97413832.
2, 23, 529423
List the prime factors of 1025332735.
5, 7, 29295221
What are the prime factors of 3374142166?
2, 61, 27656903
What are the prime factors of 60230488?
2, 7528811
List the prime factors of 53440596.
2, 3, 11, 134951
List the prime factors of 82564650.
2, 3, 5, 7, 8737
What are the prime factors of 516556448?
2, 23, 113, 6211
What are the prime factors of 334297403?
11, 1181, 25733
List the prime factors of 456912695.
5, 79, 1156741
What are the prime factors of 102403920?
2, 3, 5, 17, 19, 1321
List the prime factors of 188580748.
2, 367, 128461
List the prime factors of 1412710983.
3, 137, 381917
List the prime factors of 666479674.
2, 7, 107, 63559
List the prime factors of 444379001.
11, 4289, 9419
List the prime factors of 12467595.
3, 5, 7, 118739
List the prime factors of 749106370.
2, 5, 74910637
List the prime factors of 88690474.
2, 73, 211, 2879
List the prime factors of 1717217074.
2, 19, 751, 3167
List the prime factors of 150153456.
2, 3, 3128197
What are the prime factors of 30784612?
2, 31, 409, 607
What are the prime factors of 51037291?
51037291
List the prime factors of 250625493.
3, 67, 415631
What are the prime factors of 53110280?
2, 5, 1019, 1303
List the prime factors of 2232652906.
2, 11, 101484223
What are the prime factors of 35290119?
3, 23, 37, 601
List the prime factors of 490149460.
2, 5, 19, 1289867
List the prime factors of 1337662259.
5087, 262957
List the prime factors of 247777611.
3, 82592537
List the prime factors of 510278747.
11, 46388977
What are the prime factors of 113765933?
67, 257, 6607
List the prime factors of 53890961.
29, 1858309
What are the prime factors of 612844547?
7, 87549221
List the prime factors of 64011120.
2, 3, 5, 17, 29, 541
What are the prime factors of 1541250956?
2, 7, 55044677
What are the prime factors of 2604912483?
3, 19, 45700219
List the prime factors of 78786327.
3, 2837, 9257
What are the prime factors of 155660036?
2, 7, 37, 347, 433
What are the prime factors of 24812007?
3, 11, 751879
What are the prime factors of 173551309?
53, 3274553
What are the prime factors of 568466045?
5, 7, 23, 30703
List the prime factors of 112892394.
2, 3, 131, 143629
List the prime factors of 915981552.
2, 3, 31, 449, 457
List the prime factors of 9885291.
3, 13, 253469
List the prime factors of 1426009253.
911, 1565323
What are the prime factors of 35484103?
3917, 9059
List the prime factors of 1375895531.
47, 139, 4481
What are the prime factors of 12646938?
2, 3, 373, 5651
List the prime factors of 247161673.
11, 47, 478069
What are the prime factors of 91066396?
2, 22766599
What are the prime factors of 4335247063?
7, 4243, 145963
List the prime factors of 2134390163.
79, 27017597
What are the prime factors of 172093855?
5, 59, 67, 8707
List the prime factors of 153359937.
3, 17039993
List the prime factors of 133591291.
23, 79, 73523
List the prime factors of 1357715956.
2, 379, 895591
List the prime factors of 312706951.
31, 97, 103993
List the prime factors of 9163231.
7, 11, 59, 2017
List the prime factors of 59791931.
59791931
What are the prime factors of 6314176?
2, 11, 8969
List the prime factors of 694567903.
694567903
What are the prime factors of 3084489978?
2, 3, 37, 13894099
What are the prime factors of 50192906?
2, 31, 809563
List the prime factors of 3931053308.
2, 7, 13, 37, 71, 4111
List the prime factors of 142686963.
3, 23, 689309
What are the prime factors of 996146360?
2, 5, 11, 2263969
What are the prime factors of 2385109034?
2, 7, 11, 15487721
What are the prime factors of 910078391?
17, 4583, 11681
List the prime factors of 874254870.
2, 3, 5, 31, 37, 941
List the prime factors of 458052212.
2, 229, 500057
List the prime factors of 7612230.
2, 3, 5, 253741
What are the prime factors of 31059585?
3, 5, 19, 12109
What are the prime factors of 5701582?
2, 31, 91961
What are the prime factors of 5011139842?
2, 2505569921
What are the prime factors of 40811878?
2, 101, 281, 719
What are the prime factors of 321209641?
321209641
List the prime factors of 7418249.
191, 38839
What are the prime factors of 151599938?
2, 7, 739, 14653
What are the prime factors of 147180895?
5, 4651, 6329
List the prime factors of 5596231395.
3, 5, 373082093
List the prime factors of 236678068.
2, 11, 5379047
What are the prime factors of 123332411?
1733, 71167
List the prime factors of 139955799.
3, 46651933
What are the prime factors of 53560528?
2, 7, 53, 1289
List the prime factors of 2194889363.
17, 947, 136337
List the prime factors of 1187698551.
3, 13, 30453809
What are the prime factors of 2751313196?
2, 687828299
What are the prime factors of 1443348402?
2, 3, 751, 320317
List the prime factors of 412989155.
5, 139, 461, 1289
List the prime factors of 30916354.
2, 7, 59, 5347
List the prime factors of 424060657.
424060657
What are the prime factors of 931289792?
2, 911, 15973
List the prime factors of 66285374.
2, 907, 36541
What are the prime factors of 2228856406?
2, 7, 251, 634279
List the prime factors of 2307464051.
41, 56279611
What are the prime factors of 11488662?
2, 3, 31, 6863
List the prime factors of 86380107.
3, 11, 89, 29411
List the prime factors of 1743331577.
13, 134102429
List the prime factors of 32656489.
32656489
List the prime factors of 232598155.
5, 46519631
What are the prime factors of 1506192644?
2, 11, 47, 728333
List the prime factors of 1204400675.
5, 1433, 33619
List the prime factors of 8029213599.
3, 11, 193, 241, 5231
What are the prime factors of 24307764?
2, 3, 13, 19, 59, 139
List the prime factors of 369668327.
7, 467, 113083
List the prime factors of 482918256.
2, 3, 3353599
List the prime factors of 151296340.
2, 5, 13, 581909
What are the prime factors of 280744858?
2, 977, 143677
List the prime factors of 1636964724.
2, 3, 181, 709, 1063
List the prime factors of 41289956.
2, 67, 154067
List the prime factors of 738612566.
2, 17, 293, 74143
What are the prime factors of 105221364?
2, 3, 17, 79, 6529
What are the prime factors of 41449557?
3, 1181, 11699
List the prime factors of 145585015.
5, 571, 50993
What are the prime factors of 3493574641?
3493574641
What are the prime factors of 2689387097?
17, 158199241
What are the prime factors of 1934970344?
2, 241871293
List the prime factors of 38069889.
3, 11, 13, 88741
What are the prime factors of 1318137141?
3, 19, 2069, 11177
List the prime factors of 2116747476.
2, 3, 157, 239, 1567
What are the prime factors of 26612502?
2, 3, 7, 19, 33349
What are the prime factors of 3243870?
2, 3, 5, 7, 19, 271
What are the prime factors of 8969428?
2, 13, 172489
What are the prime factors of 3038821761?
3, 1012940587
What are the prime factors of 191694060?
2, 3, 5, 29, 12241
List the prime factors of 43885901.
61, 719441
What are the prime factors of 728443608?
2, 3, 17, 1785401
What are the prime factors of 122549604?
2, 3, 10212467
What are the prime factors of 55920705?
3, 5, 19, 23, 449
What are the prime factors of 321530330?
2, 5, 11, 53, 131, 421
What are the prime factors of 4122980730?
2, 3, 5, 11, 607, 2287
List the prime factors of 355023997.
31, 11452387
What are the prime factors of 290688463?
13, 22360651
List the prime factors of 686615203.
12157, 56479
What are the prime factors of 84050342?
2, 193, 217747
What are the prime factors of 177887839?
177887839
List the prime factors of 62929097.
7, 11, 863, 947
What are the prime factors of 417498390?
2, 3, 5, 31, 151, 991
List the prime factors of 51041855.
5, 331, 30841
What are the prime factors of 1960141137?
3, 19, 34388441
What are the prime factors of 187324649?
17, 11019097
List the prime factors of 872847359.
239, 3652081
What are the prime factors of 1471845727?
11, 349, 383393
What are the prime factors of 1138956?
2, 3, 7, 13, 149
List the prime factors of 166577757.
3, 1777, 31247
What are the prime factors of 26643980?
2, 5, 11, 163, 743
List the prime factors of 2338419863.
13, 67, 2684753
What are the prime factors of 5612341?
7, 29, 27647
What are the